/20) is divided by t.
37
Suppose 2*f = 0, -19*t + 345*f - 348*f = -5111. Let h = -7 + 43. Let z = 52 - h. Calculate the remainder when t is divided by z.
13
Suppose 25 - 73 = 4*y. Let h(n) = -7*n + 7. Let c be h(y). Let q = c + 159. Calculate the remainder when q is divided by 42.
40
Suppose 3*n + 316 = 5*v - n, 2*v = 5*n + 123. Suppose 15*c + 29*c = 4932 + 2592. What is the remainder when c is divided by v?
43
Let c = 182 + -180. Suppose -2*y - 2358 = -3*n - c*n, -2*n + 2*y + 942 = 0. Calculate the remainder when n is divided by 25.
22
What is the remainder when 714 is divided by 6/12 + ((-50)/(-25) - (-182)/4)?
42
Let z = 5514 + -5494. What is the remainder when 118 is divided by z?
18
Let o = -2 - -4. Let m(c) = c**3 + 13*c**2 - 29*c + 26. Let b be m(-15). Suppose -7 + b = o*j. What is the remainder when 6 is divided by j?
0
Suppose 0 = 719*q - 717*q - 562. Calculate the remainder when q is divided by 14.
1
Let x = -68 - -109. Let v = 8 + x. Let u = 194 - 173. What is the remainder when v is divided by u?
7
Let v(c) = -7*c**2 + c**3 + 10 - 14*c**2 + 12*c**2. Calculate the remainder when 27 is divided by v(9).
7
Let b = 4740 + -3916. Calculate the remainder when 3307 is divided by b.
11
Let m = -3310 - -4255. What is the remainder when m is divided by 12?
9
Let s be 279/(-21) - 8/(-28). Let m(u) = 2*u + 70. Suppose x + 56 = 4*t, -2*t - 14 + 40 = -x. What is the remainder when m(s) is divided by t?
14
Suppose 26*r - 4 = 27*r, d - 3*r = 1901. Calculate the remainder when d is divided by 18.
17
Suppose -a - 3*y = -544, 2*a - 3*y = a + 562. Calculate the remainder when a is divided by (30/12 + -2)*(2 - (0 + -72)).
35
Suppose -2 + 0 = 2*a, 2*b + 2*a = 518. Let j = b - 151. What is the remainder when j is divided by 10?
9
Let m(w) = 3*w**2 - 28*w - 74. Calculate the remainder when m(15) is divided by 64.
53
Let n(j) = j**2 - 2*j + 1. Let b be n(0). Suppose 0 = -2*f + 2*q + 18, 3*f + 2*q - b - 11 = 0. Calculate the remainder when 21 is divided by f.
3
Let o = -70 - 24. Let z = o - -96. Calculate the remainder when 66 is divided by ((-260)/91)/((-12)/(-7) - z).
6
Let f be (-15 - -9)/(1/2). Let n = f + 24. What is the remainder when 107 is divided by n?
11
Suppose 479 = -3*l + 4*h - 345, -2*h + 1092 = -4*l. Let r = -179 - l. Calculate the remainder when r is divided by 11.
5
What is the remainder when 3109 is divided by 5517/39 - (-642)/(-1391)?
7
Suppose 2*o = -4*d + 708 + 94, 0 = o - 5*d - 373. What is the remainder when 401 is divided by o?
8
What is the remainder when (((-174741)/(-168))/53)/((-1)/(-8)) is divided by 20?
17
Let u = 8 - 38. Suppose -l = -0*l - 3, -4*a - 5*l + 71 = 0. What is the remainder when a is divided by ((-96)/u)/8 + 38/5?
6
Let k = -313 + 315. Let i(r) = 10*r - 7*r - r**2 + 1 + 4*r**3 - r**3. Calculate the remainder when i(k) is divided by 4.
3
Suppose -52*v + 93*v = -69*v + 2310. Let p(r) = -r**3 + 7*r**2 + 2*r - 7. What is the remainder when p(5) is divided by v?
11
Suppose -101 = 6*w - 1229. Let n = w + -176. What is the remainder when 177 is divided by n?
9
Let f(m) = 8*m**2 - 16*m. What is the remainder when 132 is divided by f(3)?
12
Let k be 0 + 6 + 232 + 7. Calculate the remainder when 816 is divided by ((-42)/5)/((-98)/k).
18
Let f(v) = 8*v - 102. Let i be f(13). Suppose -5*g + 4*n = -290, 0 = -i*g + n + 2*n + 116. What is the remainder when 461 is divided by g?
55
Suppose -13 = -5*v + 3*u, 2*v - 3*u + 2 = -0*v. Suppose -m - 101 = -2*m. What is the remainder when m is divided by v/(15/9) + 49?
49
Suppose -o + 1129 = -2*t, -t = 3*o + 2*t - 3405. Suppose -4*c - 7*c + o = 0. What is the remainder when c is divided by 10?
3
Let k = 666 - 417. What is the remainder when k is divided by 76?
21
Suppose -4*a + 140 + 368 = 0. What is the remainder when a is divided by (-152)/(-16) - 6/4?
7
Let x = 11 + 3. Let u(n) = -39*n + 2. Let h be u(-5). Let b = -194 + h. Calculate the remainder when x is divided by b.
2
Let q be (-1 + -2)/((-9)/15). Suppose q*g - 7 = -2. What is the remainder when (-4 + 2 - -7)/(g/5) is divided by 7?
4
Let d(y) be the second derivative of 11*y**3/2 - 60*y**2 - 13*y - 1. What is the remainder when 28 is divided by d(4)?
4
Let t = 2 - -55. Suppose u + 5*v + 30 = 7, -4*v - 27 = u. Let c = -13 - u. What is the remainder when t is divided by c?
27
Let g(w) = -3*w**3 + 2*w - 3. Let z(m) = m**3 - m**2 - m - 2. Let r be z(10). Suppose 882*h - r*h + 234 = 0. Calculate the remainder when g(-3) is divided by h.
33
Suppose 48 = -4*c + 152. Calculate the remainder when (-2)/(-12) - 620/30*(-35)/4 is divided by c.
25
Suppose 0 = -l - 2*o - 4, -4*l - 6*o + 34 = -8*o. Calculate the remainder when 2275 is divided by l.
1
Suppose 0 = -6*d + 3*d + 96. Let c = d + 27. What is the remainder when c is divided by 0 - -2 - (-52)/4?
14
What is the remainder when 1835 is divided by (-3)/60 + 64830/600?
107
Suppose -6*m - 47 = -3*o - m, -21 = -o - m. Let c be ((-152)/57)/(1/(-624)). Suppose 26*w - c = -0*w. Calculate the remainder when w is divided by o.
7
Let p = 195 + -107. Suppose -7*o - 59 = p. What is the remainder when (-1611)/o + (-6)/(-21) is divided by 20?
17
Suppose -380*m - 3189 = 172*m - 19197. What is the remainder when 3875 is divided by m?
18
Suppose -2*v = -14, 7*v = -5*a + 8*v + 29003. What is the remainder when a is divided by 215?
212
Let j(z) = z**2 + 13*z + 67. Suppose -23*x + 1572 = -6455. What is the remainder when x is divided by j(-6)?
24
Suppose -48*t = -46*t - 59 - 37. What is the remainder when 145 is divided by t?
1
Let q(l) = 7*l**2 - 4*l + 45. Let z = -25 - -28. Suppose 48 = 5*i - z*i. Calculate the remainder when q(4) is divided by i.
21
Calculate the remainder when (-2)/(-4) - 1449/(-2) is divided by (-530)/(-30) + (-2842)/609.
10
Suppose 67 = c + 5. What is the remainder when 20/14*(252 - -7) is divided by c?
60
Suppose -4*c + 870 = 5*l, 3*c - 355 = -l - l. What is the remainder when l is divided by (-1 - (-24 + 8))*6/10?
8
Suppose -631*x = 282*x + 128*x - 51009. Suppose 9*m = 4*m + 130. What is the remainder when x is divided by m?
23
Let l(o) = -o**3 - 2*o**2 + 2*o + 15. Let h be l(-5). Let p = h + -102. Calculate the remainder when 0/(-10) - (p + -1) is divided by 6.
5
Let x = -341 + 341. Suppose x = 32*n - 2440 + 168. Calculate the remainder when 565 is divided by n.
68
Suppose 3*a - 4*c = -19, 5*a + 30 - 5 = 5*c. Let o(t) = -41*t - 29. What is the remainder when o(a) is divided by 8?
4
Let s(g) = -2*g**3 + 2*g**2 + 11*g - 3. Let h be (6/8)/((-37)/148). Calculate the remainder when 58 is divided by s(h).
22
Suppose -104 = -2*d - 6. Suppose -d = 10*l - 11*l. What is the remainder when l is divided by 17?
15
Let t(n) = -349*n - 4798. Calculate the remainder when t(-15) is divided by 24.
5
Suppose 1115 - 5963 = 16*h. What is the remainder when h/((0 - -4) + -7) is divided by 8?
5
Suppose 8*p - 964 = 132. Let k = p + -50. What is the remainder when k is divided by 8?
7
Let h(y) = -58*y + 2559. Calculate the remainder when h(29) is divided by 198.
85
Let b(m) = -m**2 + 124*m - 3247. What is the remainder when 405 is divided by b(42)?
11
Suppose 257 = -z + f, -f - 4*f - 20 = 0. Calculate the remainder when 31 is divided by (-1653)/z + -3*4/(-18).
3
Let g(y) = y**2 + 6*y + 66. Let z(f) = -6*f**2 - 29*f - 331. Let h(m) = 11*g(m) + 2*z(m). Calculate the remainder when 216 is divided by h(10).
40
Let j(q) = 2003*q - 12954. What is the remainder when j(7) is divided by 38?
3
Let h = -2 - -12. Suppose 9*a = 8*a + 6. Calculate the remainder when (-1)/(-5) + 268/h is divided by a.
3
Let k = 207 + -295. Let c = k + 204. What is the remainder when c is divided by 9?
8
Let t(k) = -11*k**3 - 8*k**2. Let l be t(-1). Suppose -l*y - 1167 = -2*o, -2*o - 3*y + 1758 = o. Calculate the remainder when o is divided by 19.
15
Let a = -1893 + 2015. Suppose 0*n - 48 = -4*t - 4*n, 4*n = 3*t - 64. What is the remainder when a is divided by t?
10
Let k = -122 - -185. Suppose -4*j + j - 105 = 0. Let n = j + k. What is the remainder when 109 is divided by n?
25
Let q be -3 + (3/(-3))/((-2)/2254). What is the remainder when (-4)/18 + q/(-72)*-2 is divided by (-10 - 2)/2 + 10?
3
Calculate the remainder when 188 is divided by (-13 + 1)*(-696)/144.
14
Let p(c) = 74*c + 460. Calculate the remainder when 105 is divided by p(-